st common divisor of l and o?
1
Let l = -4 + -44. Let p = 64 + l. What is the greatest common divisor of p and 176?
16
Let x be 10747/4 + 1*18/(-24). Calculate the greatest common factor of 34 and x.
34
Suppose 0 = -2*n + n + d + 2, 0 = -4*n - 2*d - 4. Let y be 19 + n + 1 - 1. Let p(o) = 3*o + 271. Let l be p(-46). What is the highest common divisor of l and y?
19
Suppose -13*a + 698 + 680 = 0. Calculate the greatest common divisor of a and 53.
53
Let d be (-4)/(-10) + (4698/5)/(-9). Let f be -20*(4 - d/(-20)). What is the greatest common divisor of f and 6?
6
Let p be -2 - -3 - -1 - 0. Let w = 60 + -46. What is the highest common factor of w and p?
2
Let x be (2/2)/((-1)/(-2)). Let t(c) = 15*c. Let n be t(x). Let h be (-29)/(-5) + 3/15. Calculate the highest common divisor of h and n.
6
Let x(j) = -j**3 + 10*j**2 - 6*j - 8. Let g be x(7). Suppose -3*d + 6*d + g = 4*v, 0 = v + 4*d - 48. Calculate the highest common factor of v and 28.
28
Suppose s = -3*m + 359, 22*s = -4*m + 26*s + 484. Calculate the greatest common factor of m and 160.
40
Suppose 12*s - 11*s - 165 = 0. Calculate the highest common divisor of 66 and s.
33
Let v = -242 - -362. Suppose 0 = t - 5*t + v. Calculate the highest common factor of 6 and t.
6
Suppose 0 = 60*h - 11*h - 62328. What is the greatest common divisor of h and 24?
24
Let n be 60/8 + -7 + 21/6. Suppose -5*f + 42 = -4*b, -19 = -5*f - 3*b + 2. What is the highest common factor of f and n?
2
Let x = -257 - -287. Calculate the highest common factor of x and 285.
15
Let c be (-9)/12 - (-141)/12. Let r be (c/4)/(1/8). What is the highest common factor of 110 and r?
22
Let q be ((-243)/(-3) - -9) + 6. Let f(w) = -12*w. Let o be f(-2). Calculate the greatest common divisor of o and q.
24
Suppose u = -2*u - o + 144, 4*u = o + 185. Let q = 3 + u. Calculate the highest common factor of q and 25.
25
Let z = -30 + 31. Let c(l) = 71*l**2 - l. Let t be c(z). Calculate the greatest common factor of t and 10.
10
Let y(m) = -53*m - 1. Let s(k) = 52*k + 1. Let w(q) = -4*s(q) - 3*y(q). Let x be w(-1). Calculate the highest common divisor of x and 32.
16
Suppose f = 314 - 154. Calculate the greatest common divisor of f and 5.
5
Let i(d) = -d**2 + 4*d + 3. Let y be i(4). Suppose -20 = y*j + 25. Let b be (-544)/(-6) + 10/j. Calculate the highest common factor of 15 and b.
15
Let l(d) = 7*d**2 + 11*d - 3. Let m be l(-3). Calculate the greatest common factor of m and 2.
1
Let c be 39/(-117) + 722/6. Calculate the highest common divisor of 40 and c.
40
Let i(t) = -t**3 - 20*t**2 + 20*t - 20. Let r be i(-21). Suppose -30 = -6*m + 3*m. What is the greatest common factor of r and m?
1
Let t be 6 - 132/21 - 16/(-7). Suppose y = -4*b - t*y + 33, -53 = -4*b + y. Calculate the greatest common factor of 6 and b.
6
Let q = 91 - 82. Let s(k) be the third derivative of k**5/15 - k**4/2 + 2*k**3/3 - k**2. Let a be s(q). Calculate the greatest common factor of 22 and a.
22
Let p(y) = -y**2 - 3*y + 3. Let j be p(-3). Let s = -7524 + 7551. Calculate the highest common divisor of s and j.
3
Suppose 0 = 5*x + 5*k - 70, 0 + 12 = 3*k. Suppose x*d - 44 = 6*d. Calculate the highest common divisor of d and 121.
11
Let v = 35 + -33. Suppose v*z = 5 + 9. Calculate the highest common factor of z and 49.
7
Suppose 4*z - 1 = 5*z. Let d be (56/(-24))/(z/3). What is the highest common divisor of d and 1?
1
Let l = 1364 + -820. Calculate the greatest common divisor of l and 34.
34
Let v be (-16)/4*(-3)/6. Suppose -y = -v*y + 128. Suppose -3*h - g = -46, -2*h + 3*g + 12 + 26 = 0. What is the greatest common divisor of h and y?
16
Suppose -59*v - 2*n + 30 = -58*v, -v + n = -27. Calculate the highest common factor of 42 and v.
14
Let h(f) = 2*f**3 + 12*f**2 - 29. Let n be h(-5). Calculate the greatest common factor of 1743 and n.
21
Suppose -60 = -9*v + 291. Calculate the greatest common divisor of 65 and v.
13
Let w be 3*1*44/66. Calculate the highest common factor of w and 18.
2
Suppose -12351 + 3013 = -23*n. Calculate the highest common factor of 14 and n.
14
Let v = -48 + 6. Let r = 48 + v. Calculate the greatest common divisor of r and 60.
6
Let k = 89 + -2. What is the highest common divisor of k and 3?
3
Let c = 13 + -9. Let s(k) = -4 + 0*k + 2*k + 6*k**2 + k**3 - 2*k**3 - 5*k. Let p be s(5). What is the greatest common divisor of c and p?
2
Let b = 7 - 3. Let z be (-1)/(-4) - 15/(-4). Suppose z*l + 36 = 116. What is the highest common factor of l and b?
4
Suppose -12*u + 13*u - 15 = -3*j, -61 = -5*u - j. Calculate the greatest common factor of 3396 and u.
12
Let g = -330 + 465. What is the greatest common factor of g and 315?
45
Let l be 1*-2 + 6 + 2. Suppose -b = 2*f - 34, -29*b + 25*b - 3*f + 141 = 0. Calculate the highest common factor of l and b.
6
Suppose 1 + 9 = 5*r. Suppose -74*s = 104*s - 890. What is the greatest common factor of r and s?
1
Let z be -2 + 32 + (-3)/(-1). What is the greatest common factor of 11 and z?
11
Let h = -27 - -30. Suppose v = 3*m - 197, -2*m = h*m - 5*v - 335. Let y be (-1)/(-3) - 77/(-3). What is the greatest common factor of y and m?
13
Suppose -16*s + 156200 = 72*s. What is the greatest common divisor of 142 and s?
71
Let q(r) = 2*r**2 - 15*r - 6. Let v be q(8). Let s be (-27)/9 + (-2 - (-48)/v). Calculate the highest common divisor of 209 and s.
19
Suppose 4*s = 5*l - 25, -5*s = 3*l - 35 - 17. Suppose 0*u = -u + l. What is the highest common factor of 3 and u?
3
Let v(x) = 75*x - 5. Let w(y) = y**2 - 2*y - 5. Let b be w(4). Let d be v(b). What is the greatest common factor of d and 22?
22
Let z be (-78)/(-195) + 1046*(-1)/(-10). Calculate the greatest common divisor of z and 45.
15
Let b be (110/6)/((-19)/(-570)). What is the greatest common factor of 22 and b?
22
Let q(f) = f**2 + 20*f + 101. Let g be q(-10). What is the greatest common divisor of g and 1?
1
Let z(p) = -p**3 + 15*p**2 + 48*p - 7. Let u be z(12). Calculate the greatest common factor of 77 and u.
77
Suppose -4*i + 71 + 126 = z, 0 = i - 4*z - 62. Calculate the greatest common divisor of 60 and i.
10
Suppose -2*w - 2 = 4*u - 4, 3*u = -2*w - 1. Suppose -u*p - 4*l - 52 = -2*p, -3 = l. Let a be (-2)/(-2*(-4)/p). What is the highest common divisor of 15 and a?
5
Suppose -a = 2*i + 4, -i - 20 = -5*a + a. Let v be 2*(14/(-4) + a). Calculate the greatest common factor of 1 and v.
1
Let t be -2 + (5 - 5*-28). Suppose 2*k - 16 = 10. What is the greatest common divisor of t and k?
13
Let o(k) = k + 10. Let i = -11 + 3. Let l be o(i). Suppose 72 = -l*r + 4*r. What is the highest common divisor of 18 and r?
18
Let n = 270 - 259. What is the highest common divisor of n and 77?
11
Suppose -3*n - 348 = -4*o, 324 = -3*o + 7*o + 3*n. What is the greatest common divisor of o and 24?
12
Suppose -u + 2*u = 84. Let d = -101 + 113. Calculate the highest common factor of d and u.
12
Let q be (-14516)/(-380) + (6/10)/(-3). What is the highest common divisor of q and 2774?
38
Let y(p) = -p**3 + 39*p**2 + 44*p - 108. Let c be y(40). Calculate the highest common factor of 377 and c.
13
Let d(n) = 2*n**2 + 3*n - 2. Let t be d(1). Suppose 2*b = w + 6, 16 = t*b + b - 4*w. Suppose -366 + 126 = -b*s. What is the highest common factor of s and 15?
15
Suppose -g + 0*g + y = 6, -g = -4*y + 6. Let m be (8/g)/(3*2/(-27)). What is the highest common divisor of m and 36?
6
Let i(s) = 6*s - 24. Let b be i(5). Calculate the greatest common divisor of b and 3.
3
Suppose 6 + 44 = 4*p + h, 2*p - 20 = 2*h. What is the highest common divisor of p and 12?
12
Suppose i + 19 = 2*h, -i - 60 + 21 = -4*h. Suppose h*t = t + 45. Calculate the greatest common factor of t and 55.
5
Suppose 3*y - g = 2*y + 21, y - 41 = 5*g. Let d(o) = -o**3 - 3*o**2 - 2*o + 2. Let c be d(-2). Calculate the highest common divisor of y and c.
2
Let l be -4 + -1 + 32 + -22. Let x be 30*(l + (-105)/25). What is the highest common factor of x and 24?
24
Let y(o) = -o. Let c(j) = -j**3 + 12*j**2 + 13*j - 2. Let i(k) = c(k) - y(k). Let m be i(13). What is the highest common factor of m and 11?
11
Let l be ((-85)/(-85))/(1*2/1746). What is the highest common factor of l and 9?
9
Suppose 17 + 49 = 2*g. Let d = -23 + g. Calculate the greatest common divisor of d and 90.
10
Suppose 5*n = -4*c + 33, 2*c + 5*n - 2*n - 19 = 0. Suppose p = -c*